prime number?
True
Is 17412426523 prime?
False
Is 17706817 a composite number?
True
Is 1967556901 composite?
True
Is 3997439713 composite?
False
Is 105681769 prime?
True
Is 8871822431 a composite number?
True
Is 121870906849 a prime number?
True
Is 146889703421 prime?
True
Is 1892625151 a prime number?
False
Is 3243385523 a prime number?
False
Is 9055713503 prime?
True
Is 783325079 composite?
False
Is 3755439971 prime?
True
Is 96002786363 composite?
True
Is 1077404201 composite?
True
Is 1785913537 a prime number?
False
Is 980701286 a prime number?
False
Is 108021678847 a prime number?
False
Is 3410882381 prime?
True
Is 54952368257 prime?
True
Is 5198211877 prime?
True
Is 33897831641 a prime number?
False
Is 23907768257 a composite number?
False
Is 18441878347 a composite number?
False
Is 526212299 composite?
False
Is 5934148819 a prime number?
False
Is 1487211169 a prime number?
True
Is 3271123099 a composite number?
False
Is 5354243 composite?
False
Is 311320313 composite?
False
Is 281658841 composite?
False
Is 909131789 a composite number?
True
Is 33385536929 a prime number?
False
Is 4372213121 a composite number?
False
Is 164352257 a prime number?
False
Is 125799928393 composite?
False
Is 35348306241 a prime number?
False
Is 71389434229 composite?
False
Is 1232560567 prime?
False
Is 1574640667 a prime number?
False
Is 233730252641 composite?
False
Is 14452306459 a prime number?
True
Is 16248592933 prime?
True
Is 29776002827 prime?
False
Is 112470851 composite?
True
Is 2715346819 a composite number?
False
Is 8601977347 composite?
False
Is 192135268853 a prime number?
False
Is 1810070651 a composite number?
True
Is 1914917051 a prime number?
True
Is 189538007 a composite number?
False
Is 10876228777 a composite number?
False
Is 25246901189 composite?
False
Is 5372874965 prime?
False
Is 8608939894 prime?
False
Is 3990100003 a prime number?
False
Is 2310081871 composite?
False
Is 1491239143 prime?
True
Is 8977423853 prime?
True
Is 807765479 a composite number?
False
Is 36956040793 composite?
True
Is 115168169 a composite number?
False
Is 658985519 composite?
True
Is 1017123521 a prime number?
False
Is 126317863387 prime?
False
Is 2552899801 a composite number?
False
Is 10206015409 composite?
False
Is 241942228181 a composite number?
False
Is 1211619361 composite?
True
Is 58374321 prime?
False
Is 46269601951 prime?
True
Is 4180218643 a prime number?
True
Is 722082377 a prime number?
False
Is 3260171693 a prime number?
False
Is 11223049683 prime?
False
Is 65768189 a composite number?
True
Is 1562665669 prime?
True
Is 16591276789 composite?
False
Is 3798926099 a prime number?
True
Is 9692879 composite?
True
Is 2165545103 prime?
False
Is 64467691 a composite number?
True
Is 5691362293 a composite number?
False
Is 2095308749 a prime number?
True
Is 9437545063 a composite number?
True
Is 16335413711 prime?
True
Is 1283004869 composite?
False
Is 24432067 a composite number?
True
Is 14262686654 a composite number?
True
Is 30909455329 a prime number?
False
Is 2546286287 a prime number?
False
Is 130860757 a prime number?
True
Is 17705351 a composite number?
True
Is 15245334557 prime?
False
Is 62067701 a prime number?
True
Is 706212781 a composite number?
False
Is 7498287463 a prime number?
True
Is 4190705033 a composite number?
False
Is 2887839593 prime?
True
Is 1861177933 a composite number?
True
Is 24677933 prime?
False
Is 3302297623 prime?
True
Is 4972072109 prime?
True
Is 38487865805 a composite number?
True
Is 3983834483 prime?
False
Is 580385681 prime?
True
Is 2342752387 a composite number?
False
Is 19398032061 a prime number?
False
Is 1250751023 a prime number?
False
Is 378094019 a composite number?
False
Is 26595813469 a composite number?
False
Is 1111121537 prime?
True
Is 21766507241 a prime number?
True
Is 1678344617 composite?
False
Is 711709589 prime?
True
Is 2439717719 composite?
True
Is 761107157 prime?
False
Is 1236569549 prime?
True
Is 2110317569 a composite number?
False
Is 1165349953 prime?
False
Is 12178870073 prime?
False
Is 13368988963 composite?
True
Is 229460263 a composite number?
True
Is 336686303 a composite number?
False
Is 1187344033 a prime number?
False
Is 2609556031 composite?
False
Is 236296672759 a prime number?
False
Is 7509763865 composite?
True
Is 4416859061 composite?
False
Is 622324567 composite?
False
Is 26249762947 prime?
False
Is 14093143507 a prime number?
True
Is 1929329341 prime?
False
Is 118656199 prime?
True
Is 213557041037 composite?
False
Is 28795279 a prime number?
False
Is 3328343647 prime?
True
Is 150039763 prime?
True
Is 11562434921 composite?
False
Is 1378071199 composite?
True
Is 13839235931 composite?
True
Is 558700435 a prime number?
False
Is 1704447917 a composite number?
False
Is 296129831 a composite number?
False
Is 72704969 prime?
True
Is 13626087437 prime?
True
Is 1764021323 a composite number?
False
Is 2641707559 a composite number?
True
Is 156148037 a prime number?
True
Is 27485360437 a composite number?
False
Is 252542663 composite?
False
Is 1279879994 composite?
True
Is 19191724423 a prime number?
False
Is 231919291 composite?
True
Is 30447386917 prime?
False
Is 1846425083 a composite number?
False
Is 21034348949 prime?
False
Is 5490200411 prime?
False
Is 649399399 a prime number?
False
Is 61186722863 a prime number?
False
Is 115123769 prime?
True
Is 3170174783 composite?
False
Is 1084802791 composite?
True
Is 2100123397 a composite number?
True
Is 162042917689 composite?
False
Is 781849403 prime?
False
Is 10382123951 a composite number?
False
Is 33079993571 a prime number?
True
Is 52237988843 a prime number?
False
Is 36423156403 prime?
True
Is 261055803 a prime number?
False
Is 6320047681 prime?
True
Is 2628473131 composite?
True
Is 10330780703 a composite number?
False
Is 603221687 a prime number?
False
Is 10064094122 composite?
True
Is 36983526583 prime?
True
Is 88051127 a composite number?
False
Is 1669197329 composite?
True
Is 285284148691 a prime number?
True
Is 712994257 composite?
False
Is 480196301 a composite number?
True
Is 2041513231 prime?
False
Is 2934176338 prime?
False
Is 24423665153 a prime number?
False
Is 759435727 a composite number?
True
Is 385345573 a composite number?
False
Is 1198966733 prime?
True
Is 10934023939 prime?
False
Is 275928109 composite?
True
Is 13002812807 a prime number?
True
Is 13974387223 prime?
True
Is 2042201393 prime?
True
Is 11553172769 a prime number?
True
Is 213452059 prime?
True
Is 31630363109 composite?
False
Is 5145549767 prime?
True
Is 60559947431 a prime number?
True
Is 5699685983 prime?
True
Is 51011904799 a prime number?
False
Is 14227324763 a composite number?
True
Is 820415969 a prime number?
True
Is 6406652159 composite?
True
Is 10503974759 prime?
False
Is 7617268027 a composite number?
False
Is 25319151259 prime?
True
Is 22649212997 composite?
True
Is 1229898221 a prime number?
True
Is 87942653 prime?
False
Is 18603128051 a composite number?
False
Is 4952089979 composite?
False
Is 84998029 a composite number?
False
Is 11031548293 a prime number?
False
Is 737026553 a composite number?
False
Is 1708588303 a prime number?
True
Is 2214560731 composite?
True
Is 192303580969 composite?
True
Is 14180796899 composite?
False
Is 2771340703 a prime number?
False
Is 3271883399 a prime number?
True
Is 1154399639 composite?
True
Is 39093473 prime?
True
Is 4863029077 a prime number?
True
Is 2770450513 a prime number?
True
Is 21410953822 a prime number?
False
Is 1310679973 composite?
False
Is 142313663 composite?
True
Is 307414361 composite?
False
Is 106832473009 a prime number?
False
Is 21973411093 prime?
False
Is 498577397 a composite number?
False
Is 15523998719 composite?
True
Is 5478853297 a composite number?
False
Is 86951107301 prime?
True
Is 2873371541 prime?
True
Is 271039539307 composite?
False
Is 2119026383 a prime number?
False
Is 31463039441 prime?
False
Is 1194263606 composite?
True
Is 68779932229 a composite number?
True
Is 35569006763 composite?
False
Is 1094116513 a composite number?
True
Is 3720502847 composite?
True
Is 963973643 composite?
False
Is 9726353729 composite?
True
Is 624676999 prime?
True
Is 52162009919 prime?
True
Is 24604291 prime?
True
Is 405991207 a prime number?
True
Is 216706811 composite?
False
Is 6999491621